 38*n - 16. Give v(15).
50
Let f(a) = a + 8. Suppose 0 = 2*n + 5*y - 25, -3*n - 2 = 2*y - 12. Suppose 5*i + 2*i = n. Calculate f(i).
8
Let i(u) = -u**3 + 4*u**2 + u. Let f be i(4). Let a(s) = -4312*s - 4313*s + 12945*s - 2 + 1 - 4319*s. Determine a(f).
3
Suppose -1709*z - 276 = -1711*z. Let b be (-6)/(-48) - z/(-48). Let u(x) = -6*x + 3. Give u(b).
-15
Let a(m) be the third derivative of m**6/120 - 4*m**5/15 - 2*m**4/3 + m**3/3 + 628*m**2 + 2. Give a(17).
19
Suppose -39*x + 7*x = 49 + 79. Let a(b) = -b**3 - b - 1. Let c(d) = 3*d**3 + 6*d**2 + 4*d. Let u(o) = 2*a(o) + c(o). Calculate u(x).
22
Let j = -428 - -447. Suppose 16*i - 18 = -v + j*i, i - 7 = -4*v. Let c(b) = -2*b**2 + 2*b - 2. Give c(v).
-14
Let y(j) = -2*j - 19. Let h(v) = -v**3 - 13*v**2 - 19*v + 14. Let r be h(-11). Calculate y(r).
19
Suppose 0 = 5*w + 20, -4*g - 4*w = -3*w + 16. Let b be g/6 - (-69)/6. Let o(y) = 21*y - 5*y - b*y. What is o(-2)?
-10
Let c = -153 + 154. Let b(f) = 8*f + 2*f + 7*f - 14*f - c. Determine b(-5).
-16
Let i(w) = -w**3 - w**2 + 2*w + 1. Let b(x) = 9*x - 15. Suppose 2*n = 20*n - 36. Let d be b(n). What is i(d)?
-29
Let b = 75 + -71. Suppose -b*g + 10 = 2. Let w(o) = 2 + 5 + g*o - 4. Give w(-3).
-3
Let z = 5334 + -5343. Let b(v) = v**2 + 12*v + 10. What is b(z)?
-17
Let k(s) = s**3 - 16*s**2 + 2*s - 24. Let o(u) = -u**2 - 20*u + 32. Let p be o(-22). Let i(h) = -11*h - 116. Let b be i(p). What is k(b)?
8
Let v(l) be the third derivative of -l**5/60 + l**4/4 + 23*l**3/6 - 1556*l**2. Give v(9).
-4
Let r(v) = -2 - 8*v**2 + 18*v**2 - 4*v - 5*v**2 - 2*v. Let w(j) = 7*j**2 - 7*j - 2. Let o(q) = 3*r(q) - 2*w(q). Give o(-3).
19
Let l(a) = a**2 + 3*a - 1. Let j be l(-4). Suppose -j*z - 2*g + 18 = 0, -12 = -z - z - g. Let w(k) = 2531*k**2 + 72*k + 7 - 68*k - 2532*k**2. Give w(z).
-5
Let x(v) be the third derivative of -1/60*v**5 + 0*v - 22*v**2 + 0 + 1/6*v**3 + 0*v**4. What is x(2)?
-3
Let u(g) = g**2 + g - 27. Let n = 296 + -301. Let a be u(n). Let q(w) = -w - 11. Give q(a).
-4
Let a(p) be the third derivative of p**5/60 - p**4/24 - p**3/2 - 2*p**2. Suppose 3*h - n - 6 = 0, 163*n - 158*n - 25 = 4*h. Give a(h).
17
Let f(p) be the second derivative of -2*p**2 - 1/12*p**4 + 94*p + 0 - p**3. Suppose 4*t = n - 25, -29 - 21 = 5*t - 5*n. What is f(t)?
1
Let v(l) = -l**2 + 24*l - 15. Let h be v(23). Let r(z) be the third derivative of 0*z**3 + 17*z**2 + 0 - 1/12*z**4 + 0*z. Give r(h).
-16
Let x(a) be the first derivative of -a**4/4 - 11*a**3/3 + 6*a**2 + 6*a + 37938. Suppose h + 8 = -4. Give x(h).
6
Let b(f) = 658 + 8*f**2 - 6*f**3 - 2*f + 664 - 9*f**2 - 1323 + f**3. Let x(z) = -z**3 + 13*z**2 - 11*z - 13. Let i be x(12). Give b(i).
5
Let y(b) be the second derivative of -1/20*b**5 - b**3 + 0 - 45*b + 7/2*b**2 - 7/12*b**4. What is y(-6)?
7
Let q = -5 - -1. Let i(p) = 6*p + 14. Let h(g) be the third derivative of -5*g**4/24 - 13*g**3/6 + g**2 + 105. Let w(k) = q*i(k) - 5*h(k). Give w(-6).
3
Let p(j) = -j**3 - 13*j**2 + 14*j + 10. Suppose 107 - 23 = -6*x. Give p(x).
10
Let q(x) = 17*x + 1. Suppose -4*w - 52*w = -448. Determine q(w).
137
Let g(l) = -3*l**2 + 10*l + 11. Let a(k) = -k**2 + 5*k + 5. Let p(d) = 5*a(d) - 2*g(d). Let u be (2 - -3)*(9 + 240/(-25)). Give p(u).
-3
Let i(a) = a**3 - 22*a**2 + 24*a - 67. Let m be 384/16 + -34 + (28 - -3). Give i(m).
-4
Let z(x) = -1032 - 1014 + 2196 - 16*x. What is z(9)?
6
Let w(c) = -4*c**2 + 4*c + 49. Let s be w(-5). Let l = s - -85. Suppose m + 16 + 2 = -4*r, 4*r + l = -3*m. Let f(n) = -2*n**2 - 7*n - 3. Determine f(r).
-18
Let x be 22/(-16)*-2 - 6/8. Suppose 0 = -5*m + x*i - 1 + 19, -i = 4. Let c(a) = 4*a**2 - 2. What is c(m)?
14
Let j(y) = -y**2 - 39*y - 52. Let u be j(-41). Let m = 139 + u. Let k(p) = p**3 - 5*p**2 - 3*p - 7. Determine k(m).
-22
Let w be ((-7)/(-2))/((-8)/(-80)). Let q = -33 + w. Let x(l) = -34 - l + 0*l**q + 42 - 2*l - l**2. Calculate x(-6).
-10
Let l(t) = 5*t + 2. Let p be l(0). Let u(j) = 4*j**2 - 6*j**p + 3*j**2 - 2*j + j - 2. Suppose -47*a - 2 = -46*a. Give u(a).
4
Let c(b) = 2*b + 13. Let f be (-1 - -16)*(-7)/(-35). Determine c(f).
19
Let t(v) = 2*v**3 - v**2 - 6*v + 2. Suppose -66 + 268 = -101*g. Determine t(g).
-6
Suppose -157*o + 69*o = -77*o. Let f(p) = p**3 - 4*p**2 + p - 27. Let v(z) = -z**3 + 5*z**2 - z + 28. Let j(a) = 5*f(a) + 4*v(a). Calculate j(o).
-23
Let v(u) = 75*u + 1. Let i = 3795 - 3795. Give v(i).
1
Let b = -15860 + 15865. Let g(u) = u**3 - 5*u**2 - 9*u + 57. Determine g(b).
12
Suppose -9*w = -2*w - 14. Suppose -3*g = -w*g - 3. Suppose 0 = -g*v + 23 - 17. Let i(r) = -2*r**2 - r - 1. Determine i(v).
-11
Let r(t) = -556*t**2 - 8 + 1186*t**2 - 629*t**2 + 10*t. Let g be ((-33)/9)/(1/3). What is r(g)?
3
Let x(i) = -i - 2. Let n(c) = c**3 + 19*c**2 + 17*c - 12. Let g(h) = -h**3 - 7*h**2 + 10*h - 2. Let u be g(-8). Let y be n(u). Determine x(y).
-8
Let b(n) be the first derivative of n**5/60 - 5*n**4/24 - n**3/2 - 2*n**2 + 16*n - 133. Let v(c) be the second derivative of b(c). Give v(4).
-7
Let s(b) = 4*b - 2. Let z(i) = -9*i - 111. Let c be z(-12). Let g(a) = 11*a - 12. Let r(p) = c*s(p) + g(p). What is r(-10)?
4
Suppose -3*j - j + 20 = 0. Let z be -2*(5/(-2))/j. Let p(x) = -x**2 + 1. Let l(y) = 17*y**2 - 3. Let v(g) = -l(g) - 4*p(g). Determine v(z).
-14
Let l(m) be the second derivative of -m**4/4 - 2*m**3/3 + m**2/2 - 4576*m. Calculate l(-4).
-31
Let b(h) = -h**3 - 12*h**2 + 9*h - 25. Let v be b(-13). Let o = -22 + v. Let a(r) = -11*r**2 - 2*r - 2*r - 11*r**3 + 10*r**3 - o - 6*r. Give a(-10).
-5
Let z(a) = -a**3 - 3*a**2 + 10*a - 3. Let x(o) = -2*o**3 - 7*o**2 + 20*o - 3. Let n(i) = 6*x(i) - 13*z(i). Calculate n(4).
-3
Let k(t) = 2*t**2 - 36*t - 94. Let l be k(-6). Let u(m) = -97 + l - 91 - 3*m. What is u(10)?
-24
Let r(x) be the third derivative of 0*x + 0 - 5*x**2 - 5/3*x**3 + 11/24*x**4 + 1/60*x**5. Calculate r(-12).
2
Let h be (408/30)/(2/(-10)). Let a be 6/(-27) - h/(-18). Let k(v) = v**3 + 3*v**2 - 4*v - 4. What is k(a)?
-4
Let k(s) be the first derivative of -s**4/4 - 10*s**3/3 - 3*s**2 - 26*s - 3570. What is k(-10)?
34
Let j be (70/(-112))/(2/16). Let h(t) = 4*t**2 + 16*t - 15. Give h(j).
5
Let n(c) = 6*c - 6*c**2 + 0*c**2 + c**3 - 6 + 1. Suppose 5*i - 2*t = 10, 5*i + t = -4 + 14. Suppose -i*a + 13 = 3. Determine n(a).
0
Let m(u) = 4*u - 60. Let p be 8/(-22) - (-1)/(-11)*-147. Determine m(p).
-8
Let y(z) = -z**3 - 10*z**2 + 8*z + 8. Suppose 0 = 4*k - g + 40, 46*k - 47*k = -3*g - 1. What is y(k)?
41
Suppose 0 = 4*f - 2*f + a - 5, -3*f + 9 = 3*a. Suppose -v = -f*v + 4. Let y(u) = 3*u - 6. Let o(i) = -8*i + 16. Let z(x) = 4*o(x) + 11*y(x). What is z(v)?
2
Let m(x) be the second derivative of -4*x**3 + 77*x**2 + 10188*x. Determine m(6).
10
Let q be (24/40)/(9/(-30)). Let d(s) = 30*s + 60. Give d(q).
0
Let f be 1 + -2 + (-2 - -5). Let c(p) = 5*p**f + 3 - 12*p**2 + 6*p**2. Suppose -16 = -2*g - 0*g + 2*s, -5*g - 5*s - 10 = 0. Calculate c(g).
-6
Let m(d) = -d**3 + 50*d**2 - 226*d + 43. Let z be m(45). Let u(l) = -l**3 + l - 3. Give u(z).
3
Let x(h) = 15 + 5 - 4 - 2*h**2 + 2978*h - 2979*h. Determine x(3).
-5
Let b be 14/4 - (-8)/(-16). Let w(i) = -13*i**2 + 0*i**2 + 6 + 6*i**2 - 4*i + 6*i**2. Let s(l) = -2*l**2 - 9*l + 13. Let y(q) = -2*s(q) + 5*w(q). What is y(b)?
-11
Let m(y) = 39 + 4*y**3 - 2*y - 43 + 0*y**3 - 2*y**2 + 0*y. Let l(t) = -t**3 - t + 2. Let u(k) = -3*l(k) - m(k). Calculate u(4).
-14
Suppose 2*y + 3*d = -22, 0 = 2*y - 446*d + 443*d - 14. Let l(z) = -z**2 + 5*z + 12. Determine l(y).
-2
Let h(b) = 2*b + 1. Suppose 0*w - 3*w = 3*m - 150, -m + 160 = 3*w. Let o be (-489)/(-33) + 10/w. Let r be ((-10)/o)/(-3*(-2)/27). Calculate h(r).
-5
Suppose 5*q = -3*o + 13 + 10, 2*o + 22 = 2*q. Suppose -q*w + 16 = w. Let h(c) = -c - 2*c**2 + w*c**2 + c**2 - 5. Give h(0).
-5
Let j be (-1 + 0 - -7)*15/10. Let u(q) = 2621*q**3 + 6 + 6 - 2622*q**3 - q + j*q**2. Give u(9).
3
Let q(p) = p**3 - 15*p**2 + 10*p + 4. Let x = 8675 + -8661. Calculate q(x).
-52
Let l = -715 - -745. Let g be ((-5)/(-40)*l)/((-12)/(-32)). Let z(j) = j + 2. Determine z(g).
12
Let t(u) = 10*u - 521. Let x(h) = -65*h - 79. Let g be x(-2). Determine t(g).
-11
Let a(x) be the second derivative of -x**5/20 + 5*x**4/4 - x**2 - 2*x - 13. Calculate a(15).
-2
Suppose 0 = 52*z - 51*z - 52. Suppose 0 = -41*l - 276 - z. Let w(p) = p**3 + 7*p